6*u(f). What is b(g)?
4
Let q(w) be the first derivative of -w**4/2 - 4*w**3/3 - 2*w**2 - 3*w + 1. Let x(p) = 4*p - 1 - 3*p - 12. Let a be x(11). Calculate q(a).
5
Let m be (4 - 1)/((-6)/(-4)). Suppose -3*t + 4*a - 16 = m*t, -t + a = 3. Let f(o) = 2*o - 4 - o - 3*o. Give f(t).
4
Let x = 78 + -80. Let y(z) be the first derivative of 3*z**2 + z - 1. Give y(x).
-11
Suppose -28 = 3*p - 2*p. Let u = p - -39. Let x(n) = 0*n - 7*n + 6*n - u. Calculate x(-5).
-6
Let d(z) = 6*z**2 - 3*z + 3. Let j = 32 + -23. Suppose -v + j = -2*p, 6*p + 6 = 3*p. Let k(a) = -5*a**2 + 4*a - 4. Let q(c) = v*k(c) + 4*d(c). Calculate q(6).
4
Suppose -2*s + 3*s + 9 = -w, -2*w + 10 = -2*s. Let g be (s + 1)*1/(-3). Let m(y) = 1 + 5*y**2 + 0*y**2 - y**g + 2*y. Give m(-1).
3
Let l(f) = -12*f - 6. Let d(s) = s + 1. Let w(m) = -5*d(m) - l(m). Let i(n) = -n**3 - n**2 + 1. Let a be i(0). Suppose -3*r + a = -4*r. What is w(r)?
-6
Let s(v) = 7*v**2 + 13*v + 3. Suppose 2*n + 2*u - 2 = 4*u, -5*u = 0. Let j(t) = -7*t - 1 - 6*t**2 + 2*t**2 - n. Let y(k) = 5*j(k) + 3*s(k). Calculate y(-4).
-1
Let u(a) = -2*a + 6 - 1 - 4 + 2 - 2*a**2. Calculate u(-3).
-9
Let b(n) = -5*n - 4. Let i(r) = -4*r - 5. Let p(o) = -3*b(o) + 4*i(o). Give p(-7).
-1
Suppose 6*h = 68 - 26. Let c(y) = -y**2 + 5*y - 4. Determine c(h).
-18
Let q(r) = -r - 3. Let v be q(0). Let z(k) = -6*k + 4*k + k**2 - 2*k**2. Give z(v).
-3
Let d(k) = -k**2 + 5*k**2 - k + 4 + 0. Let s(u) = -8*u**2 + 2*u - 7. Let m(z) = -7*d(z) - 4*s(z). Let w be (-10)/14 + 2/(-7). Give m(w).
5
Let o(f) = -f + 2. Suppose 4 = 2*t - 4. Suppose 0 = 2*u - 3*u - t. What is o(u)?
6
Let k(q) = -q**3 + 3*q**2 - 2*q + 6. Let z(o) = o**3 - 4*o**2 + 3*o - 7. Let r(a) = -5*k(a) - 4*z(a). What is r(-2)?
-2
Let r(b) = b**2 - b + 1. Let s = -3 - -2. Let i be 3*2*s/6. Let z(f) = -2*f**3 + f**2. Let h be z(i). Give r(h).
7
Let z(h) = -5*h**2 - 20*h - 20. Let f(i) = i**2 + 5*i + 5. Let p(m) = -9*f(m) - 2*z(m). Suppose -4*c - 3*w = -2*w - 27, -2*c - 4*w = -24. What is p(c)?
1
Let r(b) be the third derivative of -b**5/120 + b**4/8 - b**3/6 - 2*b**2. Let q(m) be the first derivative of r(m). Calculate q(-4).
7
Let y(t) = t**2 + 6*t + 2. Let r(s) = -1. Let g(u) = 2*r(u) - y(u). Suppose -19 = o + 4*o + a, 0 = 3*a - 3. Determine g(o).
4
Let i(f) = 5*f**2 + 5*f + 4. Let a be i(-1). Let p(l) = -l**2 + 5*l + 3. Determine p(a).
7
Let q(x) = x**2 + x + 3. Let z be (-1 + 0)/(-6 + 7)*3. Give q(z).
9
Let t(i) = -2*i - 12. Let b(z) = 3*z + 25. Let c(j) = -2*j - 17. Let w(x) = 5*b(x) + 7*c(x). Let m(k) = -3*t(k) - 7*w(k). Let v = 1 - 1. Determine m(v).
-6
Let g(c) = 4*c**2 - 19*c - 9. Let v(m) = m**2 - 6*m - 3. Let a(k) = -2*g(k) + 7*v(k). What is a(-5)?
-8
Let r(t) = 4*t - 3. Let y(a) = -4*a + 4. Let m(v) = 6*r(v) + 5*y(v). Give m(-2).
-6
Let f(y) = 2*y**2 - 3 + 11*y - 5*y - 3*y**2. Let a(q) = -2*q**2 - 6*q - 1. Let m be a(-4). Let w = -4 - m. Determine f(w).
2
Let v(n) = -n + 14. Let i(a) = 7*a**3 - a**2. Let j be i(1). Calculate v(j).
8
Let d(j) = j**3 + 3*j**2 + 2*j + 4. Let a(k) = 2*k - 9. Let z be a(7). Suppose 5 = z*s, 4*s = -m - 2 - 0. Let g be 2/(2 + 2)*m. Calculate d(g).
-2
Let f(u) = -u + 4. Let t(s) = 2*s - 9. Let j(b) = 13*f(b) + 6*t(b). Suppose -2*a = 2*a. Give j(a).
-2
Let y(c) = c**3 + 5*c**2 - 6*c + 1. Let q(v) = v**3 + 4*v**2 + v - 1. Let h be q(-3). Suppose z = 2*j + j - 15, -3*j + 39 = -h*z. Give y(z).
1
Let o(d) = 3*d + 9. Let b be o(-2). Let j(y) be the first derivative of 5*y - 1/3*y**b + 3 + 3/2*y**2. Calculate j(4).
1
Let h(r) = 44*r - 2 - 89*r + 0*r**2 - r**2 + 50*r. Calculate h(4).
2
Let k(i) be the first derivative of -i**3/3 + 2*i**2 - 5*i - 3. Let d = -25 + 30. What is k(d)?
-10
Let i(v) = -v**2 + 4*v - 1. Let f be i(3). Let k(z) = 0*z**2 + 2 - f*z**2 + z**2 + z - 1. Let d be (1 + -3)*(-1)/(-1). Calculate k(d).
-5
Let z(c) be the second derivative of -c**3/6 + 4*c**2 + c. Let h be z(10). Let w(n) = n**3 + 4*n**2 + 2*n - 1. What is w(h)?
3
Let x be ((-27)/(-12))/((-12)/(-32)). Let k(b) = -3*b - 4*b**3 - 8 + 3*b**3 + 5*b + 6*b**2. Calculate k(x).
4
Let b(u) = -5*u + 2. Let c(w) = -10*w + 5. Let l(t) = 5*b(t) - 2*c(t). Give l(4).
-20
Let c(m) be the third derivative of -m**5/60 + m**4/6 - m**3/3 + 7*m**2. Let n = -4 + 9. Determine c(n).
-7
Let y = 25 + -10. Suppose h - y = -5*m - 0*h, 2*m + 17 = -5*h. Let g(p) = 5 - m*p + p + p. Determine g(5).
-5
Let i(x) = -3*x**2 - 6*x + x + 5*x + x**3 + 2*x. Suppose 4*w - 6 = 2. What is i(w)?
0
Let z(p) = p**2 - 4*p + 1. Let f(n) = -6*n**2 + 21*n - 5. Let s(b) = 2*f(b) + 11*z(b). Give s(-3).
-2
Suppose 0 = -3*v - 2*v. Suppose v = 3*d + 7 + 8. Let r(y) = -y - 1. Let h(t) = 2*t + 7. Let j(n) = h(n) + r(n). What is j(d)?
1
Suppose -3*g + 5*n = 2, -4*g + 5*n = -0*n + 1. Let t(m) = 2 - 1 + 161*m - 157*m - 2. What is t(g)?
3
Let i = 3 - 6. Let k(o) = 2*o**2 + 5*o + 2. Give k(i).
5
Let s(q) = q**2 + 5*q + 6. Let k(c) = -c**2 - c + 7. Let n be k(-4). Determine s(n).
6
Let k(b) = b**3 + b**2 - b - 1. Let d(h) = -7*h**3 - 9*h**2 + 9*h + 5. Let s(g) = -d(g) - 6*k(g). Calculate s(-3).
10
Let z(q) = -q**2 - 6*q + 7. Let u be z(-7). Suppose u*v - 12 = -4*v. Let p(j) = 0*j + 7*j + j**2 + v + 0*j**2. Give p(-5).
-7
Let n(z) = -z**2 - 6*z - 7. Suppose -5*f + 92 = -4*x, -x + 0*x = -2. Suppose 0 = 6*v - 2*v + f. Calculate n(v).
-2
Let k = 111 + -110. Let g(c) = 3*c. Let j(h) = -h. Let w(v) = 2*g(v) + 5*j(v). Determine w(k).
1
Suppose -23 = -3*g - p, 4*g = 5*p - 2*p + 9. Let c(u) = 4*u + 0*u - g - 2*u. Let i be 4 + 0 + -17 + 18. Give c(i).
4
Let b(o) = -14*o + 3. Let i(v) = -12*v + 3. Let t(m) = -3*b(m) + 4*i(m). What is t(-3)?
21
Let p(o) = o**3 + 4. Let b be p(0). Let h = 5 - b. Let w = h + -1. Let n(i) = -i + 1. Give n(w).
1
Let i be -4 + -20*4/(-8). Let w(s) = 3*s - 7. What is w(i)?
11
Suppose 4*k - 3*v = 22, k + 22 = 4*k - 5*v. Let q(j) = -j**2 + 2 + 11 - 13 + 3*j - 2. Calculate q(k).
-6
Let p(g) be the first derivative of g**4/4 - g**3/3 - 2*g + 7. Give p(2).
2
Let a(q) = 3*q**3 - 2*q**2 + 4*q. Let r(v) = 16*v**3 - 9*v**2 + 21*v. Let z(u) = -11*a(u) + 2*r(u). Suppose -3*x + 12 = 3. Give z(x).
3
Let l(g) = 2*g - 5. Let h(d) = -d - 3. Let s = 0 - 6. Let x be h(s). Let w = 3 + x. Give l(w).
7
Let b(o) = o**2 + 8*o - 13. Let l be b(-9). Let t(n) = -n**2 - 3*n + 4. Determine t(l).
0
Let k(f) = f - 3. Suppose 0 = -5*c - r - 0 - 2, -4*c - 6 = 3*r. Let z(v) = -5*v - 2*v + 3 + v**2 + c*v. Let m be z(6). Give k(m).
-6
Suppose 2*v - 7*v + 5 = 0. Let q(c) be the first derivative of 0*c + 0*c**3 + 8 - 1/4*c**4 - 1/2*c**2. What is q(v)?
-2
Suppose 2*o + 2*w + 4 = 0, 5*w + 0*w = o - 28. Suppose 3*a = 4*t - 25, 3*a + t + 8 = o. Let j(m) = -m - 1. Calculate j(a).
2
Let h(m) = m**2 + 7*m + 3. Let o = -25 - -19. Determine h(o).
-3
Let f be -3*(-14)/(-12)*-4. Let d = f - 10. Let a(s) = 15*s**2 + 20*s**2 + s**3 + 3*s - 39*s**2 - 5. Determine a(d).
7
Let o = -12 - -7. Let z(l) = -l**3 - 4*l**2 + 4*l - 1. Calculate z(o).
4
Let u be -2*(-4)/4*1. Let m(l) be the third derivative of -1/24*l**4 + 0*l**3 + 0 - 1/60*l**5 - l**u + 0*l. Calculate m(2).
-6
Let w(y) = -y**3 - 6*y**2 + 5*y + 3. Let j(b) = -b**2 - b. Let k(l) = 3*j(l) - w(l). Give k(-5).
-13
Let d(y) = -y**3 + y**2 - y + 12. Let k(g) = -6*g**3 + 3*g**2 - 4. Let w(v) = -7*v**3 + 3*v**2 - v - 4. Let r(h) = 6*k(h) - 5*w(h). Let p be r(4). Give d(p).
12
Let l(x) = -x**3 - 4*x**2 - x + 3. Suppose 5*r - 6 = -3*t - 35, 4*t = 4*r + 4. What is l(t)?
-3
Let y(k) = 5*k - 5. Let b(t) = 2*t - 3. Let h(a) = 7*b(a) - 3*y(a). Let u(q) = q - 2. Let c be u(4). Suppose 10 = c*d - 4*d. Give h(d).
-1
Let i(h) be the first derivative of -2*h**3/3 + 5*h**2/2 - 2*h + 1. Let q be (1 - (3 - -1))/1. Let g be (q*(-2 + 1))/1. Calculate i(g).
-5
Suppose 3*w = 16 + 2. Let a(o) = -5*o + 0 + w*o + 7 - 1. Calculate a(-7).
-1
Let z(j) be the third derivative of -j**4/12 + j**3/2 + 8*j**2. What is z(3)?
-3
Let v(z) be the third derivative of -1/2*z**3 - z**2 - 1/8*z**4 + 0 - 1/60*z**5 + 1/120*z**6 + 0*z. Let y = -7 - -10. Calculate v(y).
6
Let d = -8 - -3. Let j = d - -6. Let b(v) = 5*v - 1. Determine b(j).
4
Let a(l) be the first derivative of -1/4*l**4 + 0*l**3 + 1 - 1/2*l**2 - 4*l. Calculate a(0).
-4
Let o(p) = -p**2 + 10*p - 10. Let s be o(9). Let v(h) = 6*h - 1. Let w(a) = -a. Let r(z) = s*v(z) - 5*w(z). Calculate r(0).
1
Let r(f)